{"id":1021,"date":"2019-12-15T08:19:00","date_gmt":"2019-12-15T07:19:00","guid":{"rendered":"http:\/\/feuerwehr.feuerwehr-juetrichau.de\/?post_type=einsatz&#038;p=1021"},"modified":"2019-12-15T10:50:12","modified_gmt":"2019-12-15T09:50:12","slug":"48-2019-allgemeine-hilfe","status":"publish","type":"einsatz","link":"https:\/\/feuerwehr-juetrichau.de\/?einsatz=48-2019-allgemeine-hilfe","title":{"rendered":"48\/2019 &#8211; Allgemeine Hilfe"},"content":{"rendered":"\n<p>Die Kameraden der OF J\u00fctrichau wurden zur allgmeinen Hilfe alarmiert. Auf der K 1256 zwischen J\u00fctrichau und Werlau war eine Kiefer umgest\u00fcrzt und versperrte die Fahrbahn. Der Baum wurde mittels MKS zers\u00e4gt und die Fahrbahn gereinigt.<\/p>\n\n\n\n<figure class=\"wp-block-gallery columns-3 is-cropped wp-block-gallery-1 is-layout-flex wp-block-gallery-is-layout-flex\"><ul class=\"blocks-gallery-grid\"><li class=\"blocks-gallery-item\"><figure><a href=\"https:\/\/feuerwehr-juetrichau.de\/?attachment_id=1023\"><img loading=\"lazy\" decoding=\"async\" width=\"640\" height=\"480\" src=\"https:\/\/feuerwehr-juetrichau.de\/wp-content\/uploads\/2019\/12\/IMG_9068.jpg\" alt=\"\" data-id=\"1023\" data-full-url=\"https:\/\/feuerwehr-juetrichau.de\/wp-content\/uploads\/2019\/12\/IMG_9068.jpg\" data-link=\"https:\/\/feuerwehr-juetrichau.de\/?attachment_id=1023\" class=\"wp-image-1023\" srcset=\"https:\/\/feuerwehr-juetrichau.de\/wp-content\/uploads\/2019\/12\/IMG_9068.jpg 640w, https:\/\/feuerwehr-juetrichau.de\/wp-content\/uploads\/2019\/12\/IMG_9068-300x225.jpg 300w\" sizes=\"auto, (max-width: 640px) 100vw, 640px\" \/><\/a><\/figure><\/li><li class=\"blocks-gallery-item\"><figure><a href=\"https:\/\/feuerwehr-juetrichau.de\/?attachment_id=1022\"><img loading=\"lazy\" decoding=\"async\" width=\"640\" height=\"480\" src=\"https:\/\/feuerwehr-juetrichau.de\/wp-content\/uploads\/2019\/12\/IMG_9072.jpg\" alt=\"\" data-id=\"1022\" data-full-url=\"https:\/\/feuerwehr-juetrichau.de\/wp-content\/uploads\/2019\/12\/IMG_9072.jpg\" data-link=\"https:\/\/feuerwehr-juetrichau.de\/?attachment_id=1022\" class=\"wp-image-1022\" srcset=\"https:\/\/feuerwehr-juetrichau.de\/wp-content\/uploads\/2019\/12\/IMG_9072.jpg 640w, https:\/\/feuerwehr-juetrichau.de\/wp-content\/uploads\/2019\/12\/IMG_9072-300x225.jpg 300w\" sizes=\"auto, (max-width: 640px) 100vw, 640px\" \/><\/a><\/figure><\/li><li class=\"blocks-gallery-item\"><figure><a href=\"https:\/\/feuerwehr-juetrichau.de\/?attachment_id=1024\"><img loading=\"lazy\" decoding=\"async\" width=\"640\" height=\"480\" src=\"https:\/\/feuerwehr-juetrichau.de\/wp-content\/uploads\/2019\/12\/IMG_9074.jpg\" alt=\"\" data-id=\"1024\" data-full-url=\"https:\/\/feuerwehr-juetrichau.de\/wp-content\/uploads\/2019\/12\/IMG_9074.jpg\" data-link=\"https:\/\/feuerwehr-juetrichau.de\/?attachment_id=1024\" class=\"wp-image-1024\" srcset=\"https:\/\/feuerwehr-juetrichau.de\/wp-content\/uploads\/2019\/12\/IMG_9074.jpg 640w, https:\/\/feuerwehr-juetrichau.de\/wp-content\/uploads\/2019\/12\/IMG_9074-300x225.jpg 300w\" sizes=\"auto, (max-width: 640px) 100vw, 640px\" \/><\/a><\/figure><\/li><\/ul><\/figure>\n","protected":false},"author":1,"featured_media":0,"template":"","meta":{"einsatz_weight":1,"footnotes":""},"categories":[1],"einsatzart":[16],"fahrzeug":[21],"exteinsatzmittel":[],"alarmierungsart":[25,24,26],"evw_unit":[],"class_list":["post-1021","einsatz","type-einsatz","status-publish","hentry","category-einsaetze-2019","einsatzart-einsatz-allgemeine-hilfe","fahrzeug-tsf-w-s","alarmierungsart-rme","alarmierungsart-sirene","alarmierungsart-smartphone"],"_links":{"self":[{"href":"https:\/\/feuerwehr-juetrichau.de\/index.php?rest_route=\/wp\/v2\/einsatz\/1021","targetHints":{"allow":["GET"]}}],"collection":[{"href":"https:\/\/feuerwehr-juetrichau.de\/index.php?rest_route=\/wp\/v2\/einsatz"}],"about":[{"href":"https:\/\/feuerwehr-juetrichau.de\/index.php?rest_route=\/wp\/v2\/types\/einsatz"}],"author":[{"embeddable":true,"href":"https:\/\/feuerwehr-juetrichau.de\/index.php?rest_route=\/wp\/v2\/users\/1"}],"version-history":[{"count":2,"href":"https:\/\/feuerwehr-juetrichau.de\/index.php?rest_route=\/wp\/v2\/einsatz\/1021\/revisions"}],"predecessor-version":[{"id":1027,"href":"https:\/\/feuerwehr-juetrichau.de\/index.php?rest_route=\/wp\/v2\/einsatz\/1021\/revisions\/1027"}],"wp:attachment":[{"href":"https:\/\/feuerwehr-juetrichau.de\/index.php?rest_route=%2Fwp%2Fv2%2Fmedia&parent=1021"}],"wp:term":[{"taxonomy":"category","embeddable":true,"href":"https:\/\/feuerwehr-juetrichau.de\/index.php?rest_route=%2Fwp%2Fv2%2Fcategories&post=1021"},{"taxonomy":"einsatzart","embeddable":true,"href":"https:\/\/feuerwehr-juetrichau.de\/index.php?rest_route=%2Fwp%2Fv2%2Feinsatzart&post=1021"},{"taxonomy":"fahrzeug","embeddable":true,"href":"https:\/\/feuerwehr-juetrichau.de\/index.php?rest_route=%2Fwp%2Fv2%2Ffahrzeug&post=1021"},{"taxonomy":"exteinsatzmittel","embeddable":true,"href":"https:\/\/feuerwehr-juetrichau.de\/index.php?rest_route=%2Fwp%2Fv2%2Fexteinsatzmittel&post=1021"},{"taxonomy":"alarmierungsart","embeddable":true,"href":"https:\/\/feuerwehr-juetrichau.de\/index.php?rest_route=%2Fwp%2Fv2%2Falarmierungsart&post=1021"},{"taxonomy":"evw_unit","embeddable":true,"href":"https:\/\/feuerwehr-juetrichau.de\/index.php?rest_route=%2Fwp%2Fv2%2Fevw_unit&post=1021"}],"curies":[{"name":"wp","href":"https:\/\/api.w.org\/{rel}","templated":true}]}}

<p>Die Kameraden der OF Jütrichau wurden zur allgmeinen Hilfe alarmiert. Auf der K 1256 zwischen Jütrichau und Werlau war eine Kiefer umgestürzt und versperrte die Fahrbahn. Der Baum wurde mittels MKS zersägt und die Fahrbahn gereinigt.</p>



<figure class="wp-block-gallery columns-3 is-cropped wp-block-gallery-1 is-layout-flex wp-block-gallery-is-layout-flex"><ul class="blocks-gallery-grid"><li class="blocks-gallery-item"><figure><a href="https://feuerwehr-juetrichau.de/?attachment_id=1023"><img loading="lazy" decoding="async" width="640" height="480" src="https://feuerwehr-juetrichau.de/wp-content/uploads/2019/12/IMG_9068.jpg" alt="" data-id="1023" data-full-url="https://feuerwehr-juetrichau.de/wp-content/uploads/2019/12/IMG_9068.jpg" data-link="https://feuerwehr-juetrichau.de/?attachment_id=1023" class="wp-image-1023" srcset="https://feuerwehr-juetrichau.de/wp-content/uploads/2019/12/IMG_9068.jpg 640w, https://feuerwehr-juetrichau.de/wp-content/uploads/2019/12/IMG_9068-300x225.jpg 300w" sizes="auto, (max-width: 640px) 100vw, 640px" /></a></figure></li><li class="blocks-gallery-item"><figure><a href="https://feuerwehr-juetrichau.de/?attachment_id=1022"><img loading="lazy" decoding="async" width="640" height="480" src="https://feuerwehr-juetrichau.de/wp-content/uploads/2019/12/IMG_9072.jpg" alt="" data-id="1022" data-full-url="https://feuerwehr-juetrichau.de/wp-content/uploads/2019/12/IMG_9072.jpg" data-link="https://feuerwehr-juetrichau.de/?attachment_id=1022" class="wp-image-1022" srcset="https://feuerwehr-juetrichau.de/wp-content/uploads/2019/12/IMG_9072.jpg 640w, https://feuerwehr-juetrichau.de/wp-content/uploads/2019/12/IMG_9072-300x225.jpg 300w" sizes="auto, (max-width: 640px) 100vw, 640px" /></a></figure></li><li class="blocks-gallery-item"><figure><a href="https://feuerwehr-juetrichau.de/?attachment_id=1024"><img loading="lazy" decoding="async" width="640" height="480" src="https://feuerwehr-juetrichau.de/wp-content/uploads/2019/12/IMG_9074.jpg" alt="" data-id="1024" data-full-url="https://feuerwehr-juetrichau.de/wp-content/uploads/2019/12/IMG_9074.jpg" data-link="https://feuerwehr-juetrichau.de/?attachment_id=1024" class="wp-image-1024" srcset="https://feuerwehr-juetrichau.de/wp-content/uploads/2019/12/IMG_9074.jpg 640w, https://feuerwehr-juetrichau.de/wp-content/uploads/2019/12/IMG_9074-300x225.jpg 300w" sizes="auto, (max-width: 640px) 100vw, 640px" /></a></figure></li></ul></figure>
