{"id":1088,"date":"2020-03-25T21:07:00","date_gmt":"2020-03-25T20:07:00","guid":{"rendered":"http:\/\/feuerwehr.feuerwehr-juetrichau.de\/?post_type=einsatz&#038;p=1088"},"modified":"2020-08-31T15:07:48","modified_gmt":"2020-08-31T13:07:48","slug":"06-2020-einsatz-grossbrand","status":"publish","type":"einsatz","link":"https:\/\/feuerwehr-juetrichau.de\/?einsatz=06-2020-einsatz-grossbrand","title":{"rendered":"06\/2020 &#8211; Einsatz Gro\u00dfbrand"},"content":{"rendered":"\n<p>Das Dach einer Scheune in Bias war in Brand geraten. Die Kameraden der OF J\u00fctrichau wurden nachalarmiert um \u00fcber eine ca. 1200 Meter lange Wegestrecke die L\u00f6schwasserversorgung sicher zu stellen.<\/p>\n\n\n\n<figure class=\"wp-block-image size-large\"><img loading=\"lazy\" decoding=\"async\" width=\"216\" height=\"483\" src=\"https:\/\/feuerwehr-juetrichau.de\/wp-content\/uploads\/2020\/08\/image.png\" alt=\"\" class=\"wp-image-1090\" srcset=\"https:\/\/feuerwehr-juetrichau.de\/wp-content\/uploads\/2020\/08\/image.png 216w, https:\/\/feuerwehr-juetrichau.de\/wp-content\/uploads\/2020\/08\/image-134x300.png 134w\" sizes=\"auto, (max-width: 216px) 100vw, 216px\" \/><\/figure>\n","protected":false},"author":1,"featured_media":0,"template":"","meta":{"einsatz_weight":1,"footnotes":""},"categories":[38],"einsatzart":[19],"fahrzeug":[22,23,21],"exteinsatzmittel":[41,40,27,28,29],"alarmierungsart":[25,24,26],"evw_unit":[],"class_list":["post-1088","einsatz","type-einsatz","status-publish","hentry","category-einsaetze-2020","einsatzart-einsatz-brand-gebaeude-1-2-og","fahrzeug-mzf","fahrzeug-tsa","fahrzeug-tsf-w-s","exteinsatzmittel-ffw-steckby","exteinsatzmittel-ffw-steutz","exteinsatzmittel-ffw-zerbst","exteinsatzmittel-polizei","exteinsatzmittel-rettungsdienst","alarmierungsart-rme","alarmierungsart-sirene","alarmierungsart-smartphone"],"_links":{"self":[{"href":"https:\/\/feuerwehr-juetrichau.de\/index.php?rest_route=\/wp\/v2\/einsatz\/1088","targetHints":{"allow":["GET"]}}],"collection":[{"href":"https:\/\/feuerwehr-juetrichau.de\/index.php?rest_route=\/wp\/v2\/einsatz"}],"about":[{"href":"https:\/\/feuerwehr-juetrichau.de\/index.php?rest_route=\/wp\/v2\/types\/einsatz"}],"author":[{"embeddable":true,"href":"https:\/\/feuerwehr-juetrichau.de\/index.php?rest_route=\/wp\/v2\/users\/1"}],"version-history":[{"count":3,"href":"https:\/\/feuerwehr-juetrichau.de\/index.php?rest_route=\/wp\/v2\/einsatz\/1088\/revisions"}],"predecessor-version":[{"id":1095,"href":"https:\/\/feuerwehr-juetrichau.de\/index.php?rest_route=\/wp\/v2\/einsatz\/1088\/revisions\/1095"}],"wp:attachment":[{"href":"https:\/\/feuerwehr-juetrichau.de\/index.php?rest_route=%2Fwp%2Fv2%2Fmedia&parent=1088"}],"wp:term":[{"taxonomy":"category","embeddable":true,"href":"https:\/\/feuerwehr-juetrichau.de\/index.php?rest_route=%2Fwp%2Fv2%2Fcategories&post=1088"},{"taxonomy":"einsatzart","embeddable":true,"href":"https:\/\/feuerwehr-juetrichau.de\/index.php?rest_route=%2Fwp%2Fv2%2Feinsatzart&post=1088"},{"taxonomy":"fahrzeug","embeddable":true,"href":"https:\/\/feuerwehr-juetrichau.de\/index.php?rest_route=%2Fwp%2Fv2%2Ffahrzeug&post=1088"},{"taxonomy":"exteinsatzmittel","embeddable":true,"href":"https:\/\/feuerwehr-juetrichau.de\/index.php?rest_route=%2Fwp%2Fv2%2Fexteinsatzmittel&post=1088"},{"taxonomy":"alarmierungsart","embeddable":true,"href":"https:\/\/feuerwehr-juetrichau.de\/index.php?rest_route=%2Fwp%2Fv2%2Falarmierungsart&post=1088"},{"taxonomy":"evw_unit","embeddable":true,"href":"https:\/\/feuerwehr-juetrichau.de\/index.php?rest_route=%2Fwp%2Fv2%2Fevw_unit&post=1088"}],"curies":[{"name":"wp","href":"https:\/\/api.w.org\/{rel}","templated":true}]}}

06/2020 &#8211; Einsatz Großbrand

<p>Das Dach einer Scheune in Bias war in Brand geraten. Die Kameraden der OF Jütrichau wurden nachalarmiert um über eine ca. 1200 Meter lange Wegestrecke die Löschwasserversorgung sicher zu stellen.</p>



<figure class="wp-block-image size-large"><img loading="lazy" decoding="async" width="216" height="483" src="https://feuerwehr-juetrichau.de/wp-content/uploads/2020/08/image.png" alt="" class="wp-image-1090" srcset="https://feuerwehr-juetrichau.de/wp-content/uploads/2020/08/image.png 216w, https://feuerwehr-juetrichau.de/wp-content/uploads/2020/08/image-134x300.png 134w" sizes="auto, (max-width: 216px) 100vw, 216px" /></figure>
