{"id":920,"date":"2019-08-08T23:39:00","date_gmt":"2019-08-08T21:39:00","guid":{"rendered":"http:\/\/feuerwehr.feuerwehr-juetrichau.de\/?post_type=einsatz&#038;p=920"},"modified":"2019-08-14T14:40:19","modified_gmt":"2019-08-14T12:40:19","slug":"31-2019-einsatz-brand","status":"publish","type":"einsatz","link":"https:\/\/feuerwehr-juetrichau.de\/?einsatz=31-2019-einsatz-brand","title":{"rendered":"31\/2019 &#8211; Einsatz Brand"},"content":{"rendered":"\n<p>Die Kameraden wurden zu einem Geb\u00e4udebrand in Zerbst gerufen. In der Dessauer Stra\u00dfe stand das Obergeschoss und der Dachstuhl einer unbewohnten Villa in Vollbrand. Wir unterst\u00fctzen die Zerbster Kameraden bei der L\u00f6schwasserversorgung.<\/p>\n\n\n\n<figure class=\"wp-block-image is-resized\"><a href=\"https:\/\/goo.gl\/maps\/dotS5teiBowVPsTu6\" target=\"_blank\" rel=\"noreferrer noopener\"><img loading=\"lazy\" decoding=\"async\" src=\"https:\/\/feuerwehr-juetrichau.de\/wp-content\/uploads\/2019\/08\/Map.jpg\" alt=\"\" class=\"wp-image-931\" width=\"43\" height=\"26\" srcset=\"https:\/\/feuerwehr-juetrichau.de\/wp-content\/uploads\/2019\/08\/Map.jpg 667w, https:\/\/feuerwehr-juetrichau.de\/wp-content\/uploads\/2019\/08\/Map-300x181.jpg 300w\" sizes=\"auto, (max-width: 43px) 100vw, 43px\" \/><\/a><\/figure>\n\n\n\n<div class=\"wp-block-file\"><a href=\"https:\/\/feuerwehr-juetrichau.de\/wp-content\/uploads\/2019\/08\/Volksstimme.pdf\">Zeitungsartikel Volksstimme 10.08.2019<\/a><a href=\"https:\/\/feuerwehr-juetrichau.de\/wp-content\/uploads\/2019\/08\/Volksstimme.pdf\" class=\"wp-block-file__button\" download>Herunterladen<\/a><\/div>\n\n\n\n<ul class=\"wp-block-gallery columns-3 is-cropped wp-block-gallery-1 is-layout-flex wp-block-gallery-is-layout-flex\"><li class=\"blocks-gallery-item\"><figure><a href=\"https:\/\/feuerwehr-juetrichau.de\/wp-content\/uploads\/2019\/08\/20190809_0754198243631893085740332-1024x768.jpg\"><img loading=\"lazy\" decoding=\"async\" width=\"1024\" height=\"768\" src=\"https:\/\/feuerwehr-juetrichau.de\/wp-content\/uploads\/2019\/08\/20190809_0754198243631893085740332-1024x768.jpg\" alt=\"\" data-id=\"913\" data-link=\"https:\/\/feuerwehr-juetrichau.de\/?attachment_id=913\" class=\"wp-image-913\" srcset=\"https:\/\/feuerwehr-juetrichau.de\/wp-content\/uploads\/2019\/08\/20190809_0754198243631893085740332-1024x768.jpg 1024w, https:\/\/feuerwehr-juetrichau.de\/wp-content\/uploads\/2019\/08\/20190809_0754198243631893085740332-300x225.jpg 300w, https:\/\/feuerwehr-juetrichau.de\/wp-content\/uploads\/2019\/08\/20190809_0754198243631893085740332-768x576.jpg 768w, https:\/\/feuerwehr-juetrichau.de\/wp-content\/uploads\/2019\/08\/20190809_0754198243631893085740332-960x720.jpg 960w\" sizes=\"auto, (max-width: 1024px) 100vw, 1024px\" \/><\/a><\/figure><\/li><li class=\"blocks-gallery-item\"><figure><a href=\"https:\/\/feuerwehr-juetrichau.de\/wp-content\/uploads\/2019\/08\/20190809_0756073959065847040037895-1024x768.jpg\"><img loading=\"lazy\" decoding=\"async\" width=\"1024\" height=\"768\" src=\"https:\/\/feuerwehr-juetrichau.de\/wp-content\/uploads\/2019\/08\/20190809_0756073959065847040037895-1024x768.jpg\" alt=\"\" data-id=\"912\" data-link=\"https:\/\/feuerwehr-juetrichau.de\/?attachment_id=912\" class=\"wp-image-912\" srcset=\"https:\/\/feuerwehr-juetrichau.de\/wp-content\/uploads\/2019\/08\/20190809_0756073959065847040037895-1024x768.jpg 1024w, https:\/\/feuerwehr-juetrichau.de\/wp-content\/uploads\/2019\/08\/20190809_0756073959065847040037895-300x225.jpg 300w, https:\/\/feuerwehr-juetrichau.de\/wp-content\/uploads\/2019\/08\/20190809_0756073959065847040037895-768x576.jpg 768w, https:\/\/feuerwehr-juetrichau.de\/wp-content\/uploads\/2019\/08\/20190809_0756073959065847040037895-960x720.jpg 960w\" sizes=\"auto, (max-width: 1024px) 100vw, 1024px\" \/><\/a><\/figure><\/li><li class=\"blocks-gallery-item\"><figure><a href=\"https:\/\/feuerwehr-juetrichau.de\/wp-content\/uploads\/2019\/08\/68747778_2552923334739338_5960437037931692032_n9132535968186450401.jpg\"><img loading=\"lazy\" decoding=\"async\" width=\"720\" height=\"960\" src=\"https:\/\/feuerwehr-juetrichau.de\/wp-content\/uploads\/2019\/08\/68747778_2552923334739338_5960437037931692032_n9132535968186450401.jpg\" alt=\"\" data-id=\"911\" data-link=\"https:\/\/feuerwehr-juetrichau.de\/?attachment_id=911\" class=\"wp-image-911\" srcset=\"https:\/\/feuerwehr-juetrichau.de\/wp-content\/uploads\/2019\/08\/68747778_2552923334739338_5960437037931692032_n9132535968186450401.jpg 720w, https:\/\/feuerwehr-juetrichau.de\/wp-content\/uploads\/2019\/08\/68747778_2552923334739338_5960437037931692032_n9132535968186450401-225x300.jpg 225w\" sizes=\"auto, (max-width: 720px) 100vw, 720px\" \/><\/a><figcaption>Foto: Zerbster Feuerwehr<\/figcaption><\/figure><\/li><\/ul>\n","protected":false},"author":2,"featured_media":0,"template":"","meta":{"einsatz_weight":1,"footnotes":""},"categories":[1],"einsatzart":[19],"fahrzeug":[21],"exteinsatzmittel":[27,28,29,30],"alarmierungsart":[25,24,26],"evw_unit":[],"class_list":["post-920","einsatz","type-einsatz","status-publish","hentry","category-einsaetze-2019","einsatzart-einsatz-brand-gebaeude-1-2-og","fahrzeug-tsf-w-s","exteinsatzmittel-ffw-zerbst","exteinsatzmittel-polizei","exteinsatzmittel-rettungsdienst","exteinsatzmittel-stadt-zerbst-anhalt-bauhof","alarmierungsart-rme","alarmierungsart-sirene","alarmierungsart-smartphone"],"_links":{"self":[{"href":"https:\/\/feuerwehr-juetrichau.de\/index.php?rest_route=\/wp\/v2\/einsatz\/920","targetHints":{"allow":["GET"]}}],"collection":[{"href":"https:\/\/feuerwehr-juetrichau.de\/index.php?rest_route=\/wp\/v2\/einsatz"}],"about":[{"href":"https:\/\/feuerwehr-juetrichau.de\/index.php?rest_route=\/wp\/v2\/types\/einsatz"}],"author":[{"embeddable":true,"href":"https:\/\/feuerwehr-juetrichau.de\/index.php?rest_route=\/wp\/v2\/users\/2"}],"version-history":[{"count":4,"href":"https:\/\/feuerwehr-juetrichau.de\/index.php?rest_route=\/wp\/v2\/einsatz\/920\/revisions"}],"predecessor-version":[{"id":936,"href":"https:\/\/feuerwehr-juetrichau.de\/index.php?rest_route=\/wp\/v2\/einsatz\/920\/revisions\/936"}],"wp:attachment":[{"href":"https:\/\/feuerwehr-juetrichau.de\/index.php?rest_route=%2Fwp%2Fv2%2Fmedia&parent=920"}],"wp:term":[{"taxonomy":"category","embeddable":true,"href":"https:\/\/feuerwehr-juetrichau.de\/index.php?rest_route=%2Fwp%2Fv2%2Fcategories&post=920"},{"taxonomy":"einsatzart","embeddable":true,"href":"https:\/\/feuerwehr-juetrichau.de\/index.php?rest_route=%2Fwp%2Fv2%2Feinsatzart&post=920"},{"taxonomy":"fahrzeug","embeddable":true,"href":"https:\/\/feuerwehr-juetrichau.de\/index.php?rest_route=%2Fwp%2Fv2%2Ffahrzeug&post=920"},{"taxonomy":"exteinsatzmittel","embeddable":true,"href":"https:\/\/feuerwehr-juetrichau.de\/index.php?rest_route=%2Fwp%2Fv2%2Fexteinsatzmittel&post=920"},{"taxonomy":"alarmierungsart","embeddable":true,"href":"https:\/\/feuerwehr-juetrichau.de\/index.php?rest_route=%2Fwp%2Fv2%2Falarmierungsart&post=920"},{"taxonomy":"evw_unit","embeddable":true,"href":"https:\/\/feuerwehr-juetrichau.de\/index.php?rest_route=%2Fwp%2Fv2%2Fevw_unit&post=920"}],"curies":[{"name":"wp","href":"https:\/\/api.w.org\/{rel}","templated":true}]}}

<p>Die Kameraden wurden zu einem Gebäudebrand in Zerbst gerufen. In der Dessauer Straße stand das Obergeschoss und der Dachstuhl einer unbewohnten Villa in Vollbrand. Wir unterstützen die Zerbster Kameraden bei der Löschwasserversorgung.</p>



<figure class="wp-block-image is-resized"><a href="https://goo.gl/maps/dotS5teiBowVPsTu6" target="_blank" rel="noreferrer noopener"><img loading="lazy" decoding="async" src="https://feuerwehr-juetrichau.de/wp-content/uploads/2019/08/Map.jpg" alt="" class="wp-image-931" width="43" height="26" srcset="https://feuerwehr-juetrichau.de/wp-content/uploads/2019/08/Map.jpg 667w, https://feuerwehr-juetrichau.de/wp-content/uploads/2019/08/Map-300x181.jpg 300w" sizes="auto, (max-width: 43px) 100vw, 43px" /></a></figure>



<div class="wp-block-file"><a href="https://feuerwehr-juetrichau.de/wp-content/uploads/2019/08/Volksstimme.pdf">Zeitungsartikel Volksstimme 10.08.2019</a><a href="https://feuerwehr-juetrichau.de/wp-content/uploads/2019/08/Volksstimme.pdf" class="wp-block-file__button" download>Herunterladen</a></div>



<ul class="wp-block-gallery columns-3 is-cropped wp-block-gallery-1 is-layout-flex wp-block-gallery-is-layout-flex"><li class="blocks-gallery-item"><figure><a href="https://feuerwehr-juetrichau.de/wp-content/uploads/2019/08/20190809_0754198243631893085740332-1024x768.jpg"><img loading="lazy" decoding="async" width="1024" height="768" src="https://feuerwehr-juetrichau.de/wp-content/uploads/2019/08/20190809_0754198243631893085740332-1024x768.jpg" alt="" data-id="913" data-link="https://feuerwehr-juetrichau.de/?attachment_id=913" class="wp-image-913" srcset="https://feuerwehr-juetrichau.de/wp-content/uploads/2019/08/20190809_0754198243631893085740332-1024x768.jpg 1024w, https://feuerwehr-juetrichau.de/wp-content/uploads/2019/08/20190809_0754198243631893085740332-300x225.jpg 300w, https://feuerwehr-juetrichau.de/wp-content/uploads/2019/08/20190809_0754198243631893085740332-768x576.jpg 768w, https://feuerwehr-juetrichau.de/wp-content/uploads/2019/08/20190809_0754198243631893085740332-960x720.jpg 960w" sizes="auto, (max-width: 1024px) 100vw, 1024px" /></a></figure></li><li class="blocks-gallery-item"><figure><a href="https://feuerwehr-juetrichau.de/wp-content/uploads/2019/08/20190809_0756073959065847040037895-1024x768.jpg"><img loading="lazy" decoding="async" width="1024" height="768" src="https://feuerwehr-juetrichau.de/wp-content/uploads/2019/08/20190809_0756073959065847040037895-1024x768.jpg" alt="" data-id="912" data-link="https://feuerwehr-juetrichau.de/?attachment_id=912" class="wp-image-912" srcset="https://feuerwehr-juetrichau.de/wp-content/uploads/2019/08/20190809_0756073959065847040037895-1024x768.jpg 1024w, https://feuerwehr-juetrichau.de/wp-content/uploads/2019/08/20190809_0756073959065847040037895-300x225.jpg 300w, https://feuerwehr-juetrichau.de/wp-content/uploads/2019/08/20190809_0756073959065847040037895-768x576.jpg 768w, https://feuerwehr-juetrichau.de/wp-content/uploads/2019/08/20190809_0756073959065847040037895-960x720.jpg 960w" sizes="auto, (max-width: 1024px) 100vw, 1024px" /></a></figure></li><li class="blocks-gallery-item"><figure><a href="https://feuerwehr-juetrichau.de/wp-content/uploads/2019/08/68747778_2552923334739338_5960437037931692032_n9132535968186450401.jpg"><img loading="lazy" decoding="async" width="720" height="960" src="https://feuerwehr-juetrichau.de/wp-content/uploads/2019/08/68747778_2552923334739338_5960437037931692032_n9132535968186450401.jpg" alt="" data-id="911" data-link="https://feuerwehr-juetrichau.de/?attachment_id=911" class="wp-image-911" srcset="https://feuerwehr-juetrichau.de/wp-content/uploads/2019/08/68747778_2552923334739338_5960437037931692032_n9132535968186450401.jpg 720w, https://feuerwehr-juetrichau.de/wp-content/uploads/2019/08/68747778_2552923334739338_5960437037931692032_n9132535968186450401-225x300.jpg 225w" sizes="auto, (max-width: 720px) 100vw, 720px" /></a><figcaption>Foto: Zerbster Feuerwehr</figcaption></figure></li></ul>
