{"id":962,"date":"2019-09-30T19:54:00","date_gmt":"2019-09-30T17:54:00","guid":{"rendered":"http:\/\/feuerwehr.feuerwehr-juetrichau.de\/?post_type=einsatz&#038;p=962"},"modified":"2019-10-11T11:44:39","modified_gmt":"2019-10-11T09:44:39","slug":"38-2019-einsatz-bma-objekt","status":"publish","type":"einsatz","link":"https:\/\/feuerwehr-juetrichau.de\/?einsatz=38-2019-einsatz-bma-objekt","title":{"rendered":"38\/2019 &#8211; Einsatz BMA-Objekt"},"content":{"rendered":"\n<p>Eine Nebelmaschine hat die Brandmeldeanlage der Musik-, F\u00f6rder- und Kreisvolkshochschule in der Zerbster Friedrich-Ludwig- Jahn-Stra\u00dfe ausgel\u00f6st, die beim Proben f\u00fcr das Weihnachtskonzert der Fasch-Musikschule eingesetzt wurde.<\/p>\n","protected":false},"author":2,"featured_media":0,"template":"","meta":{"einsatz_weight":1,"footnotes":""},"categories":[1],"einsatzart":[15],"fahrzeug":[22,23,21],"exteinsatzmittel":[27],"alarmierungsart":[25,24,26],"evw_unit":[],"class_list":["post-962","einsatz","type-einsatz","status-publish","hentry","category-einsaetze-2019","einsatzart-einsatz-bma-objekt","fahrzeug-mzf","fahrzeug-tsa","fahrzeug-tsf-w-s","exteinsatzmittel-ffw-zerbst","alarmierungsart-rme","alarmierungsart-sirene","alarmierungsart-smartphone"],"_links":{"self":[{"href":"https:\/\/feuerwehr-juetrichau.de\/index.php?rest_route=\/wp\/v2\/einsatz\/962","targetHints":{"allow":["GET"]}}],"collection":[{"href":"https:\/\/feuerwehr-juetrichau.de\/index.php?rest_route=\/wp\/v2\/einsatz"}],"about":[{"href":"https:\/\/feuerwehr-juetrichau.de\/index.php?rest_route=\/wp\/v2\/types\/einsatz"}],"author":[{"embeddable":true,"href":"https:\/\/feuerwehr-juetrichau.de\/index.php?rest_route=\/wp\/v2\/users\/2"}],"version-history":[{"count":2,"href":"https:\/\/feuerwehr-juetrichau.de\/index.php?rest_route=\/wp\/v2\/einsatz\/962\/revisions"}],"predecessor-version":[{"id":967,"href":"https:\/\/feuerwehr-juetrichau.de\/index.php?rest_route=\/wp\/v2\/einsatz\/962\/revisions\/967"}],"wp:attachment":[{"href":"https:\/\/feuerwehr-juetrichau.de\/index.php?rest_route=%2Fwp%2Fv2%2Fmedia&parent=962"}],"wp:term":[{"taxonomy":"category","embeddable":true,"href":"https:\/\/feuerwehr-juetrichau.de\/index.php?rest_route=%2Fwp%2Fv2%2Fcategories&post=962"},{"taxonomy":"einsatzart","embeddable":true,"href":"https:\/\/feuerwehr-juetrichau.de\/index.php?rest_route=%2Fwp%2Fv2%2Feinsatzart&post=962"},{"taxonomy":"fahrzeug","embeddable":true,"href":"https:\/\/feuerwehr-juetrichau.de\/index.php?rest_route=%2Fwp%2Fv2%2Ffahrzeug&post=962"},{"taxonomy":"exteinsatzmittel","embeddable":true,"href":"https:\/\/feuerwehr-juetrichau.de\/index.php?rest_route=%2Fwp%2Fv2%2Fexteinsatzmittel&post=962"},{"taxonomy":"alarmierungsart","embeddable":true,"href":"https:\/\/feuerwehr-juetrichau.de\/index.php?rest_route=%2Fwp%2Fv2%2Falarmierungsart&post=962"},{"taxonomy":"evw_unit","embeddable":true,"href":"https:\/\/feuerwehr-juetrichau.de\/index.php?rest_route=%2Fwp%2Fv2%2Fevw_unit&post=962"}],"curies":[{"name":"wp","href":"https:\/\/api.w.org\/{rel}","templated":true}]}}

<p>Eine Nebelmaschine hat die Brandmeldeanlage der Musik-, Förder- und Kreisvolkshochschule in der Zerbster Friedrich-Ludwig- Jahn-Straße ausgelöst, die beim Proben für das Weihnachtskonzert der Fasch-Musikschule eingesetzt wurde.</p>
