{"id":135,"date":"2016-11-02T00:39:49","date_gmt":"2016-11-01T22:39:49","guid":{"rendered":"http:\/\/feuerwehr.feuerwehr-juetrichau.de\/?page_id=135"},"modified":"2020-08-03T15:00:18","modified_gmt":"2020-08-03T13:00:18","slug":"tsa","status":"publish","type":"page","link":"https:\/\/feuerwehr-juetrichau.de\/?page_id=135","title":{"rendered":"TSA"},"content":{"rendered":"\n<div class=\"wp-block-image\"><figure class=\"alignleft\"><a href=\"https:\/\/feuerwehr-juetrichau.de\/wp-content\/uploads\/2017\/01\/Fahrzeug-2.jpg\"><img loading=\"lazy\" decoding=\"async\" width=\"230\" height=\"173\" src=\"https:\/\/feuerwehr-juetrichau.de\/wp-content\/uploads\/2017\/01\/Fahrzeug-2.jpg\" alt=\"\" class=\"wp-image-190\"\/><\/a><\/figure><\/div>\n\n\n\n<div class=\"wp-block-image\"><figure class=\"alignleft\"><a href=\"https:\/\/feuerwehr-juetrichau.de\/wp-content\/uploads\/2017\/01\/Fahrzeug-19.jpg\"><img loading=\"lazy\" decoding=\"async\" width=\"230\" height=\"173\" src=\"https:\/\/feuerwehr-juetrichau.de\/wp-content\/uploads\/2017\/01\/Fahrzeug-19.jpg\" alt=\"\" class=\"wp-image-206\"\/><\/a><\/figure><\/div>\n\n\n\n<figure class=\"wp-block-image\"><a href=\"https:\/\/feuerwehr-juetrichau.de\/wp-content\/uploads\/2017\/01\/Fahrzeug-21.jpg\"><img loading=\"lazy\" decoding=\"async\" width=\"230\" height=\"173\" src=\"https:\/\/feuerwehr-juetrichau.de\/wp-content\/uploads\/2017\/01\/Fahrzeug-21.jpg\" alt=\"\" class=\"wp-image-208\"\/><\/a><\/figure>\n\n\n\n<p class=\"has-text-align-left\">Der Tragkraftspritzenanh\u00e4nger (TSA) wurde 2009 von der Firma FAKA Zerbst auf ein Kugelkopf-Anh\u00e4ngerfahrgestell umgebaut.<\/p>\n\n\n\n<p><strong>Aussstattung: TSA<\/strong><\/p>\n\n\n\n<ul class=\"wp-block-list\"><li>PFPN 10-1500&nbsp;Rosenbauer FOX III mit automatischer Druckregelung<\/li><li>mit Ladeerhaltung<\/li><li>Feuererwehrtechnische Beladung zur einfachen Brandbek\u00e4mpfung f\u00fcr eine Gruppe<\/li><li>Ger\u00e4teraumbeleuchtung<\/li><li>Schlauchtragek\u00f6rbe f\u00fcr C-Schl\u00e4uche<\/li><li>Schlauchbr\u00fccken<\/li><\/ul>\n","protected":false},"excerpt":{"rendered":"<p>Der Tragkraftspritzenanh\u00e4nger (TSA) wurde 2009 von der Firma FAKA Zerbst auf ein Kugelkopf-Anh\u00e4ngerfahrgestell umgebaut. Aussstattung: TSA PFPN 10-1500&nbsp;Rosenbauer FOX III mit automatischer Druckregelung mit Ladeerhaltung Feuererwehrtechnische Beladung zur einfachen Brandbek\u00e4mpfung f\u00fcr eine Gruppe Ger\u00e4teraumbeleuchtung Schlauchtragek\u00f6rbe f\u00fcr C-Schl\u00e4uche Schlauchbr\u00fccken<\/p>\n","protected":false},"author":1,"featured_media":0,"parent":0,"menu_order":0,"comment_status":"closed","ping_status":"closed","template":"","meta":{"footnotes":""},"class_list":["post-135","page","type-page","status-publish","hentry"],"_links":{"self":[{"href":"https:\/\/feuerwehr-juetrichau.de\/index.php?rest_route=\/wp\/v2\/pages\/135","targetHints":{"allow":["GET"]}}],"collection":[{"href":"https:\/\/feuerwehr-juetrichau.de\/index.php?rest_route=\/wp\/v2\/pages"}],"about":[{"href":"https:\/\/feuerwehr-juetrichau.de\/index.php?rest_route=\/wp\/v2\/types\/page"}],"author":[{"embeddable":true,"href":"https:\/\/feuerwehr-juetrichau.de\/index.php?rest_route=\/wp\/v2\/users\/1"}],"replies":[{"embeddable":true,"href":"https:\/\/feuerwehr-juetrichau.de\/index.php?rest_route=%2Fwp%2Fv2%2Fcomments&post=135"}],"version-history":[{"count":5,"href":"https:\/\/feuerwehr-juetrichau.de\/index.php?rest_route=\/wp\/v2\/pages\/135\/revisions"}],"predecessor-version":[{"id":1055,"href":"https:\/\/feuerwehr-juetrichau.de\/index.php?rest_route=\/wp\/v2\/pages\/135\/revisions\/1055"}],"wp:attachment":[{"href":"https:\/\/feuerwehr-juetrichau.de\/index.php?rest_route=%2Fwp%2Fv2%2Fmedia&parent=135"}],"curies":[{"name":"wp","href":"https:\/\/api.w.org\/{rel}","templated":true}]}}